te 1 - -3 - (-1 + -3 + 3).
5
Calculate 0 + 2 + 1 + -10 + 11.
4
What is the value of 8 + (1 - -5 - 18) + 7?
3
Evaluate 0 + 5 + (-57 - -53).
1
Evaluate (5 - -1) + 0 + -8.
-2
Evaluate 0 + (0 - -2) + (-5 - 1).
-4
3 + (-6 + 8 - -2)
7
What is the value of 4 + (4 + 3 + -6 - 4)?
1
Evaluate (0 - 3) + 4 - 5.
-4
Evaluate 1 + (1 - 0) - -3.
5
What is (7 - (0 - -2)) + (4 - 7)?
2
(-32 - -11) + 1 - -11
-9
Evaluate -8 + -2 + -4 + 18 + -5.
-1
Evaluate (-3 - -11) + 6 + -3 + -4.
7
Calculate -4 + -12 + 6 + 12.
2
Evaluate 6 + -6 - (4 + -1).
-3
Evaluate 2 - 5 - (0 + 4 + 4).
-11
Calculate -3 + (5 - 1) + (-7 - -3).
-3
Evaluate 6 + (6 - (9 + -3)).
6
What is (-1 - -7) + 8 + -13?
1
What is -4 - (6 + -9 + 5 + -3)?
-3
Evaluate 3 + (0 - -4) + (-9 - -4).
2
Calculate 2 + -1 - 2 - -5.
4
What is the value of 3 - (3 + -1 + -2 - -3)?
0
Calculate -21 + 37 - (16 + -1).
1
Calculate -1 + -9 + 3 + 3.
-4
Calculate -2 - 0 - (-7 + 1).
4
Calculate 10 + -5 + -2 - 1.
2
Calculate 2 + (-6 - (-8 + 9)).
-5
What is the value of (5 - (1 + -1 + 2)) + 1?
4
What is -1 + -3 + (38 + -19 - 24)?
-9
What is the value of 3 - (-1 + 7) - (-1 - -2)?
-4
What is 14 + -9 - (0 + -2 + 7)?
0
What is (-42 - -36) + 5 + 1?
0
Evaluate 1 + 0 + (-3 - 1).
-3
What is -1 + (1 - 1 - 0)?
-1
Evaluate -1 + 6 + (13 - 2 - 16).
0
Evaluate (5 - (5 + -6)) + 0.
6
Calculate 2 + -10 + -9 + 9.
-8
What is (-3 - (3 + (-5 - -2))) + -4?
-7
Calculate (7 - 8) + (-1 - 1) - 2.
-5
Evaluate -2 + (6 - 11 - -4).
-3
(1 - 2) + 1 - -2
2
What is -1 - (2 + (3 - 3 - 2))?
-1
Evaluate 9 + 9 + -8 + -8.
2
Evaluate 1 + (-1 - 1) - 5.
-6
(1 - -3) + (5 - 1) + -8
0
Calculate -7 - ((3 - 6) + -3 + 5).
-6
Calculate 6 - (-5 - -6) - 4.
1
(1 - -4) + (1 - 3)
3
What is the value of 0 + -2 + -2 - -5?
1
What is the value of -3 + 5 - (5 - 2)?
-1
Evaluate 0 + -2 - (0 + 2).
-4
Evaluate 0 + (-3 - 2) - -7.
2
What is the value of -3 + 9 + 11 + -23 + 3?
-3
What is 3 - (3 + -6 + 11)?
-5
4 - (-2 - (5 - 8) - -1)
2
What is -5 + (-5 + 0 - (-14 + 5))?
-1
What is -8 - -8 - (0 - -1)?
-1
Calculate -1 - -7 - (-42 + 51).
-3
What is (-5 - (3 - 7)) + 5?
4
What is 1 + (5 - 13 - -8)?
1
What is 5 + 9 + -11 + (-9 - -1)?
-5
Evaluate 4 - (-5 + 4 - 1).
6
Calculate 6 + (-6 - (-5 - 0)) + -5.
0
-1 + 0 + (-2 - (3 + -5))
-1
Evaluate 3 + 1 + -2 - 0.
2
Evaluate 27 + -31 - (0 - 6).
2
(7 - (-3 + (4 - -1))) + -2
3
What is the value of (3 - (-3 + 4)) + -4?
-2
What is 1 - (1 - (0 + 1))?
1
What is the value of 12 + (-12 - -1) + 1 + 5?
7
Evaluate 1 + (5 + -4 - -2).
4
(0 - 6) + 4 - -3 - -2
3
Calculate -4 + (-9 - -4) + 5.
-4
Calculate 2 - (1 - -2) - 3 - -1.
-3
Evaluate -5 + 13 + -6 - 4.
-2
Calculate (2 - 0) + 1 + 1.
4
What is 3 + (-2 - (2 - 7 - -3))?
3
Calculate -1 + 1 + -1 + (-2 - 1).
-4
Calculate -7 + 5 - (-6 - -8).
-4
Evaluate 5 + (8 - 4) - (4 - -2).
3
What is 2 + -5 + 2 + (2 - 0)?
1
What is (-2 + 5 - 7) + 4 + -4?
-4
13 + -1 + 2 + (-34 - -26)
6
What is -8 + 3 - -8 - 5 - 3?
-5
What is the value of -3 - (7 + (-3 + 5 - 6))?
-6
What is (-11 - (-5 + 6)) + 13?
1
Calculate -3 - (-4 + 4 + 2).
-5
11 + (-13 - 6) + 11
3
Evaluate 0 + (9 - 10) + -4.
-5
Evaluate -3 + 3 + -3 + 6.
3
Evaluate -6 + (13 + 1 - 8) - -4.
4
Calculate 5 + (-1 - (2 + 5)).
-3
Calculate -2 - ((4 - 5) + -2 + -1).
2
What is the value of 0 - (-3 + 0) - (6 - 0)?
-3
What is the value of (0 - (0 - 4)) + 0 + 1?
5
What is 4 - (4 + (4 - (3 + 0)))?
-1
What is 0 - (5 - 1) - 1?
-5
Evaluate 7 + (4 - (3 - -17)).
-9
Calculate -5 + 0 + (2 - -3) + -4.
-4
1 + ((-1 - -7) + -4 - 0)
3
Evaluate (-4 - -4) + -3 + -1.
-4
(-5 - (-3 + 1 + -3)) + -7
-7
Calculate (9 - 8) + (3 - (2 - 1)).
3
Calculate -12 - (20 + -12 + -15).
-5
What is the value of (-8 - (11 + -19)) + 0 + -8?
-8
What is the value of -1 - (11 + -16 + 6)?
-2
What is -2 - (6 - 1 - (3 + 3))?
-1
What is the value of 3 + 6 + (-5 - -4 - 4)?
4
-7 + 1 + 1 + -6 + 11
0
What is (-4 - (-1 + 2 + -3)) + -3?
-5
What is the value of 0 - 4 - ((-7 - 14) + 13)?
4
What is the value of 4 - 0 - (26 + -8 + -5)?
-9
What is the value of 0 + 7 + -7 - -6 - -3?
9
Evaluate (2 - 2 - 1) + 2.
1
Calculate 0 - (-2 - -4 - 2).
0
Evaluate 0 + 3 + 5 + 1 + -4.
5
-152 - -144 - (2 - 5 - 2)
-3
Calculate -3 - 1 - ((0 - -4) + -5).
-3
What is the value of -5 - (-7 + 4 - 4 - 2)?
4
((-2 - -5) + 4 - 5) + 5
7
What is the value of (5 + 4 - 5) + -1?
3
(2 - 5) + 3 - 5
-5
-24 - -6 - -9 - -16
7
What is 8 + 2 + -7 + -6?
-3
Evaluate -4 - -7 - (-7 - -6).
4
What is (-1 - -5) + 3 + -6?
1
Evaluate (4 - 3) + 8 - 2.
7
What is -2 - (5 + 3) - (-5 - -3)?
-8
What is 2 + -7 + (6 - 6) + 0?
-5
Calculate (2 - -2) + -6 - 2.
-4
Calculate -2 + -3 + 0 + 5 + -1.
-1
What is 4 + -2 + 0 + -2?
0
What is the value of 11 + -5 - -3 - 2?
7
Evaluate 5 - (7 - (2 + -5)).
-5
What is the value of -5 - (-11 - -9) - -6?
3
Evaluate -6 + 7 - 15 - -8.
-6
3 - (5 - 2) - 0
0
Evaluate 7 - (-1 - -12 - 3).
-1
-2 + (-7 - -4 - -3)
-2
What is the value of -5 - (-1 + -8 + (-15 - -15))?
4
Calculate -3 + 6 + -5 - (1 - 1).
-2
What is the value of (-12 - (-5 - (-6 - -7))) + -5?
-11
What is the value of 4 - (13 - 4 - (1 + 3))?
-1
What is 5 + -5 + -2 + 3?
1
What is -2 - (-6 + 1 + (-1 - -3))?
1
Evaluate -6 + 0 - (-6 - (6 - 13)).
-7
Evaluate -1 + 6 + -5 + -4.
-4
Evaluate -12 - (5 - 10) - 0.
-7
Calculate -8 + (3 + -2 - 0) + -1.
-8
What is the value of -6 - (3 - (5 - (1 - 2)))?
-3
What is the value of 12 + -23 + -5 + 9 + 1?
-6
(-2 - (-9 + 3)) + -1 + -6
-3
Evaluate (-17 - -21) + -3 + -8.
-7
Calculate -2 - (-6 + 7 + -3).
0
4 + 1 - (14 - 4)
-5
What is 1 + -5 - ((-12 - -6) + -4)?
6
What is (-1 - -1) + 1 + -3 - -5?
3
Calculate (5 - -6 - 9) + (-1 - -1).
2
What is 9 + -8 + (-4 - 3 - -1)?
-5
What is the value of 2 + (-3 - (-11 + 4))?
6
3 - ((-4 - 3) + 5)
5
-2 + 0 + 19 + -13
4
1 + 2 - (0 + -2)
5
Evaluate -10 - (-7 + -17) - 6.
8
Calculate -2 - (-5 + (3 - 3)).
3
Evaluate 3 - 3 - 5 - -9 - -4.
8
What is the value of (2 - -2) + (1 - -3) + -3?
5
What is -1 - (1 + 2 + -4 + 4)?
-4
Calculate -2 + 1 - 1 - (130 + -127).
-5
Calculate 13 + -17 + (1 - (-2 - -6)).
-7
Calculate 9 + -13 + (3 - 3).
-4
-3 + (0 - 4 - -5)
-2
What is the value of 0 + -6 + -4 + 16 + -5?
1
Evaluate 4 - (-1 - (-2 - 4)).
-1
What is the value of 4 - (-2 - (-11 + 6))?
1
What is the value of 0 + 1 + 2 + (163 - 159)?
7
(7 + (-3 - 3) - -2) + -3
0
Evaluate (4 - (5 - 8)) + -6.
1
Evaluate 15 + -9 + (5 - 4).
7
Calculate 0 + 9 - 3 - (-16 + 13).
9
Evaluate -3 + 5 + -2 - 5.
-5
Calculate -6 + (-1 - (3 - (8 + -2))).
-4
What is the value of -1 + (-1 - -5 - (94 + -87))?
-4
What is the value of 1 - -2 - (16 + -12)?
-1
Evaluate -6 - (3 - 1) - (-3 - 0).
-5
Calculate 1 + (-1 - -3) + (1 - 1).
3
Evaluate 34 + -43 + (1 - 0).
-8
What is the value of -14 + 12 + 6 + 0 + 1?
5
-4 + -6 + 8 + 0
-2
Calculate -18 + 1 - (-72 + 62).
-7
Calculate 3 - (10 - (-4 - -3)).
-8
What is the value of (10 + 3 - 7) + -9?
-3
(-12 - (13 - 3)) + 14
-8
Evaluate 2 - 4 - (1 - 5).
2
What is 11 + -15 + (16 - 0) - 6?
6
Calculate -1 - (4 + 4 - 16).
7
-6 + 2 + 9 + -4 + 0
1
-1 - 10 - -6 - -11
6
Evaluate 4 + -1 + 0 + -6.
-3
What is -22 + (3 - -7) - -11?
-1
Evaluate 11 + -19 + (3 - -3) + 0.
-2
What is the value of -3 - (-5 - (-5 - 1))?
-4
What is the value of -5 + -1 + -2 + (-1 - -8)?
-1
Calculate -2 + -14 + 7 + 9.
0
6 - (-7 - -10) - -6
9
Evaluate 1 + 0 - (-2 - 7 - -5).
5
Calculate 3 - (24 + 10 + -22).
-9
2 + 2 + -2 + (1 - -2)
5
What is -5 + 0 - (10 - 12) - -9?
6
What is 2 + -7 + 0 + 13 - -1?
9
What is the value of 10 + -19 + 11 + -7?
-5
What is the value of -1 - ((-4 - -3) + -5)?
5
Evaluate (-4 - -1) + 4 - 0.
1
Evaluate -13 - (11 + (-29 - -12)).
-7
-11 + 5 + -3 + 5
-4
What is the value of -1 + 4 + (12 - 1) + -5?
9
What is 2 + -6 + -1 - -3?
-2
(1 - 0) + 1 + 1 + 1
4
(-2 - -18 - 4) + -4 + -5
3
What is the value of (-1 - -1) + 6 + -4 + -1?
1
What is 4 - 5 - ((-2 - 1) + 5)?
-3
(-4 - 15) + 14 - (1 + 2)
-8
Calculate 11 - (-9 + 3 + 2 + 8).
7
Calculate (2 - 9) + 2 + 9.
4
What is the value of 1 + 6 - (0 + 3 + 0)?
4
Calculate -1 + 6 + 0 + 53 + -64.
-6
What is 2 + 1 + 0 + 0 + -5?
-2
Evaluate 2 - (2 + -7 + (-1 - -6)).
2
Calculate -15 + 4 - (-8 + -10).
7
Calculate 11 + -4 - (4 + 3 + 7).
-7
Evaluate 7 - (12 - (11 + -1)).
5
Calculate (-2 - -2) + 1 + 0 - 2.
-1
Evaluate -3 - (10 + -11 - (0 + -2)).
-4
1 - -6 - (-6 + 16)
-3
Evaluate 13 - (17 - 7 - 7).
10
Calculate 0 + -2 - (5 - 3).
-4
What is 1 - 3 - -6 - -5 - 5?
4
Calculate -23 - (-22 + (1 - -8)).
-10
